 tens digit of m?
6
Let l(f) be the third derivative of f**5/60 - f**4/24 + f**3/3 - 8*f**2. What is the units digit of l(3)?
8
Let g = 4 + 27. What is the units digit of g?
1
Suppose 5*v + 3*r - 15 = 0, -12 + 3 = v + 3*r. What is the units digit of v?
6
Let d be (4/8)/((-1)/42). Let m = d + 33. What is the tens digit of m?
1
Let j(v) = v**2 + 6*v + 4. Let m be j(-3). Let f(q) be the first derivative of -q**2/2 - q - 14. What is the units digit of f(m)?
4
Suppose -4*v - 12 = 2*t, -5*t + 2*t - 18 = 4*v. Let f(z) = z**3 + 6*z**2 - 2*z + 3. What is the units digit of f(t)?
5
Suppose 6*s - 15 = 3*s. What is the units digit of s?
5
Let o(h) = -2*h**3 - 6*h**2 + 7*h + 9. What is the tens digit of o(-5)?
7
Let y(d) = 4*d**2 - d. Let c be y(1). Let t be ((-3)/3)/(2/(-20)). Suppose 4*k - t = -q, -q = c*q - k - 6. What is the units digit of q?
2
Let f = 20 + -40. Let z be ((-8)/5)/((-4)/f). Let u = 1 - z. What is the units digit of u?
9
Let w(d) = 6*d**2 - 13*d + 6. What is the tens digit of w(5)?
9
Suppose 0 = 4*x - 4*j - 116, -89 - 32 = -4*x + 5*j. Suppose -x = -3*m + m. What is the units digit of m?
2
Let f(t) be the third derivative of 5*t**4/12 - 2*t**3 - 6*t**2. What is the tens digit of f(6)?
4
Let h be ((-6)/(-5))/((-3)/(-20)). Let u be (-2)/6 + h/(-12). Let a = 15 + u. What is the tens digit of a?
1
Let p(d) = 11*d**2 + 3*d - 8. What is the tens digit of p(-4)?
5
What is the units digit of (-972)/(-16) - 1/(-4)?
1
Suppose 0 = -g + f + 2*f + 21, 3*g - 3*f = 57. Let b be 13/(-2)*(0 - -2). Let x = g + b. What is the units digit of x?
5
Let j(n) = -n**3 - 5*n**2 - n - 2. Let p be j(-5). Let r(s) = p + 2*s - 4*s + 3*s. What is the units digit of r(5)?
8
Let j be (2/7)/((-5)/(-35)). Let u be (-130)/(-25) - j/10. Suppose p - 8 = u. What is the tens digit of p?
1
What is the tens digit of 2 + 1584/20 - (-1)/(-5)?
8
What is the units digit of (1 + 57/(-4))/(3/(-36))?
9
Let a(m) = 6*m**2 + 5*m**3 + 5*m**2 - 13 - 4*m**3 - 7*m + 4*m. What is the tens digit of a(-11)?
2
Suppose 4*o - 272 = 84. What is the tens digit of o?
8
Let c = 16 - 24. Let h be ((-12)/16)/(2/c). Suppose 11 = h*l - 4. What is the units digit of l?
5
Let z(s) = -s**2 - 13*s - 10. Let m be z(-12). Suppose 2*r - 24 = m. What is the units digit of r?
3
Suppose 3*k - 3 - 3 = 0. Suppose -5*l = -6*l + k. Suppose 2*c - c - 15 = -3*j, -5*c + l*j + 24 = 0. What is the units digit of c?
6
Let u(j) = -j - 7. Let o be u(-9). Suppose 4*k + 65 = 5*h - 2*h, -2*h - o*k = -48. What is the tens digit of h?
2
Let s(q) = 4*q - 14. What is the units digit of s(14)?
2
Let y be (-2)/4 + 267/6. Let z = y - 24. What is the units digit of z?
0
Let z = 85 - 60. Let c = z - 12. What is the tens digit of c?
1
Let a = -2 - -7. Let l(k) = -1 - 6 + k + 5. What is the units digit of l(a)?
3
Suppose -3*r = -4*j - 28, r - 6 = -0*r - 2*j. What is the units digit of r/(-20) - (-7)/5?
1
Let p(x) = 2*x + 43. What is the units digit of p(-10)?
3
Let q = -16 - -20. Suppose 0*k = -q*k + 108. What is the tens digit of k?
2
Let c = 10 + -7. Suppose -5 = c*d - 35. What is the units digit of d?
0
Let v be 6/((-2)/(-1)) + 4. Suppose 2*t + v = z - 0, 0 = -3*z - 5*t + 21. What is the units digit of z?
7
Let g = 136 + -90. What is the units digit of g?
6
Let a be 2/(-2)*3*-2. Let g(l) = 0*l**2 - a*l + 0*l**2 - 10 + l**2. What is the units digit of g(8)?
6
Let w(q) = -q**3 + q**2 + 2*q + 60. What is the units digit of w(0)?
0
Let a = 5 + -1. Suppose 5*u - 16 = a. What is the units digit of u?
4
Let p = 0 + 0. Let a(c) = -c + 4. What is the units digit of a(p)?
4
Let g(z) = -z + 5. Let w be g(3). What is the units digit of (6/w)/(-3)*-6?
6
What is the hundreds digit of (-3)/(-5) + (-5108)/(-20)?
2
Suppose m + 4*h = 7, -m = m + h - 7. Suppose -m*t + 3*a + 15 = 0, 5*a = -2*t + t + 29. What is the units digit of t?
9
Suppose 460 = -4*u - 104. What is the units digit of u/(-9) - (-1)/3?
6
Suppose -4*x + 45 = x. What is the units digit of x?
9
Suppose 4*m - 3*t - 333 = 0, -5*m - 3*t = -2*m - 234. What is the units digit of m?
1
Let w = 11 - 28. Let a be (29/2 - -1)*-2. Let k = w - a. What is the units digit of k?
4
Let j be 22/18 + 8/(-36). Suppose w = -0 + j. What is the units digit of w?
1
Suppose u - 15 = -2*u. What is the units digit of 81/u + (-1)/5?
6
Let w(u) = -32*u + 1. Let x be w(-2). Let d = x + -35. What is the units digit of d?
0
Suppose -12 = -0*l + l + 3*k, 4*l - 2*k = 22. Suppose 0 = -y - j - 0*j + 6, -l*j = -4*y + 24. What is the units digit of y?
6
Suppose 0 = 5*v + 5*x + 45, -3*v - 18 = x + 9. Let q be 3/(-3) + 0 - v. Let z = q + 4. What is the units digit of z?
2
Suppose -2*z = 5*n - 81 - 298, -3*z = 9. What is the units digit of n?
7
Let f(i) be the first derivative of 7*i**4/2 + i**3/3 - i**2/2 + i - 4. What is the units digit of f(1)?
5
Suppose 0 = 3*b - 0 - 15. Suppose x - b*d - 9 = 0, -4*d - 111 + 11 = -4*x. What is the units digit of x?
9
Let l(d) = 2*d + 3. Let b be l(-4). Let y = -2 - b. Suppose 0 = m - 2, 0 = 4*r - y*m - 14. What is the units digit of r?
5
Suppose 11 = 5*y + 1. Suppose -4*w - 4 = 5*d, -y*w + 0*w = -5*d - 28. Suppose 0 = -2*p + w*l - 4, l + 0 + 1 = p. What is the units digit of p?
4
Suppose q + 2*z = 2*q - 12, 5*q = 5*z + 35. Suppose -5*m - 35 = -q*v, 2*m - 5*v = -31 - 4. Let c(y) = -2*y - 6. What is the units digit of c(m)?
4
Suppose -14 + 5 = -i + 5*f, 93 = 4*i - f. Suppose -2*j + 5 = 4*y - 5*y, -5*j - 10 = -y. Let p = y + i. What is the units digit of p?
9
Let r = 53 + -30. What is the tens digit of r?
2
Let t = 31 + -9. What is the tens digit of t?
2
Let z = 252 - 145. What is the units digit of z?
7
Let z = -48 - -100. What is the tens digit of z?
5
Let d = -3 - -3. Let h be 4/8*(6 - d). Suppose h*o = 22 + 2. What is the units digit of o?
8
Let t(n) = 5*n**3 - n - 1. Let h be t(-1). Let l(a) = -a**3 - 6*a**2 - 6*a + 5. What is the tens digit of l(h)?
1
Let w = 1 - -14. What is the units digit of w - (1 - (-2)/1)?
2
Let b = -43 - -19. What is the units digit of (10/4)/((-4)/b)?
5
Suppose -4*q + 12 = -6*q. Let o = q + 8. Suppose -o*n + 6 = -16. What is the units digit of n?
1
Let j = -12 - -53. What is the units digit of j?
1
Let l = 34 + -14. Suppose 2*q = -5*k + 8, 0 = -q - 0 - 1. What is the units digit of (-1)/k + l/8?
2
Let c(l) be the third derivative of -l**5/60 + l**4/3 + l**3/3 - 6*l**2. Let q = 4 - 0. What is the units digit of c(q)?
8
Let r = -14 + 30. What is the tens digit of r?
1
What is the tens digit of 1288/34 + (-10)/(-85)?
3
Suppose -4*m = -0*m - 28. Suppose -20 = -m*s + 2*s. What is the units digit of s?
4
Suppose 5*y + 5*k = 0, 2*y + 5*k + 0 = 3. What is the units digit of (0 + y)/((-6)/36)?
6
Let g(f) = f**3 - 6*f**2 - 12*f + 7. What is the hundreds digit of g(9)?
1
Suppose 2*v - 27 = 17. What is the units digit of v?
2
Suppose -6*k + 30 = -k. Let a(u) be the third derivative of u**6/120 - u**5/12 - u**4/12 - 7*u**3/6 - u**2. What is the tens digit of a(k)?
1
What is the units digit of (-1225)/(-14) - 1/2?
7
Suppose z = 59 + 38. What is the units digit of z?
7
Let t be 14*1/2*1. Let m = t - -27. What is the units digit of m?
4
Let n(o) = -2*o**3 + o**2 + 2*o + 2. Let u be n(-2). Let g = u + -13. Suppose -g*t + d = -4*d - 50, -3*t - 4*d = -16. What is the units digit of t?
8
Suppose -2*t - 5*k + 125 = t, -3*t - k = -109. What is the units digit of t?
5
Suppose 0 = -4*o + 10 - 50. Let p(b) = b**3 + 9*b**2 - 11*b + 9. What is the units digit of p(o)?
9
What is the units digit of 4/(-16) - 3/(24/(-994))?
4
What is the units digit of (-408)/(-30)*(-10)/(-4)?
4
Let s be (6/6)/(1/13). Let c = 24 - s. What is the tens digit of c?
1
Let n = 11 + -15. Let h be (-1 - (n + 2)) + 1. Suppose 2*v - 12 = -h*v. What is the units digit of v?
3
Let z be -1*(-1 + 0/2). Let f(h) = 14*h**3 - 3*h**3 + h**3 - 7*h**3. What is the units digit of f(z)?
5
Let j(q) = -q**3 + q**2 - 4. Let v be j(0). Let c = 6 + v. Suppose -5*p = -c*o - 11, o + 9 = 5*p - 9. What is the units digit of o?
7
Suppose 5*w - 6*w = -27. What is the units digit of w?
7
Let i be -1*-11*(-1)/(-1). Let b be -2 - (i + 1) - -1. What is the units digit of (b + -1)/(10 + -11)?
4
Let x = 87 + -56. What is the tens digit of x?
3
Let g(b) = -3*b**3 - 4*b**2 - b - 3. Let a = 3 + -6. What is the units digit of g(a)?
5
Let i = 62 - -26.